{"id":3916,"date":"2025-09-18T14:50:29","date_gmt":"2025-09-18T14:50:29","guid":{"rendered":"https:\/\/iconicascoleccion.com\/?page_id=3916"},"modified":"2025-10-08T10:36:18","modified_gmt":"2025-10-08T10:36:18","slug":"nuestras-sandalias","status":"publish","type":"page","link":"https:\/\/iconicascoleccion.com\/?page_id=3916","title":{"rendered":"Nuestras sandalias"},"content":{"rendered":"\n<p><\/p>\n\n\n\n<div class=\"wp-block-uagb-container uagb-block-sntsdmxu alignfull uagb-is-root-container\"><div class=\"uagb-container-inner-blocks-wrap\">\n<div class=\"wp-block-uagb-info-box uagb-block-asnrkael uagb-infobox__content-wrap  uagb-infobox-icon-above-title uagb-infobox-image-valign-top\"><div class=\"uagb-ifb-content\"><div class=\"uagb-ifb-title-wrap\"><h1 class=\"uagb-ifb-title\">Conoce todo sobre nuestras sandalias<\/h1><\/div><p class=\"uagb-ifb-desc\">Queremos que nuestras sandalias sean cercanas a todos as\u00ed que aqu\u00ed puedes conoces todo sobre las sandalias, los materiales de los que est\u00e1n hechas, como funcionan, como se env\u00edan&#8230;<\/p><\/div><\/div>\n\n\n\n<div class=\"wp-block-uagb-container uagb-block-dmcae7j6\">\n<div class=\"wp-block-uagb-image alignleft uagb-block-i1okq1ts wp-block-uagb-image--layout-default wp-block-uagb-image--effect-zoomin wp-block-uagb-image--align-left\"><figure class=\"wp-block-uagb-image__figure\"><img decoding=\"async\" srcset=\"https:\/\/iconicascoleccion.com\/wp-content\/uploads\/2025\/09\/Sandalias-mar-verde-limon-scaled-e1758041897872-1024x676.png ,https:\/\/iconicascoleccion.com\/wp-content\/uploads\/2025\/09\/Sandalias-mar-verde-limon-scaled-e1758041897872.png 780w, https:\/\/iconicascoleccion.com\/wp-content\/uploads\/2025\/09\/Sandalias-mar-verde-limon-scaled-e1758041897872.png 360w\" sizes=\"auto, (max-width: 480px) 150px\" src=\"https:\/\/iconicascoleccion.com\/wp-content\/uploads\/2025\/09\/Sandalias-mar-verde-limon-scaled-e1758041897872-1024x676.png\" alt=\"sandalias mar verde limon\" class=\"uag-image-3884\" width=\"282\" height=\"370\" title=\"sandalias mar verde limon\" loading=\"lazy\" role=\"img\"\/><\/figure><\/div>\n\n\n\n<div class=\"wp-block-uagb-image alignleft uagb-block-u9asqndx wp-block-uagb-image--layout-default wp-block-uagb-image--effect-zoomin wp-block-uagb-image--align-left\"><figure class=\"wp-block-uagb-image__figure\"><img decoding=\"async\" srcset=\"https:\/\/iconicascoleccion.com\/wp-content\/uploads\/2025\/09\/6-1-683x1024.jpg ,https:\/\/iconicascoleccion.com\/wp-content\/uploads\/2025\/09\/6-1-scaled.jpg 780w, https:\/\/iconicascoleccion.com\/wp-content\/uploads\/2025\/09\/6-1-scaled.jpg 360w\" sizes=\"auto, (max-width: 480px) 150px\" src=\"https:\/\/iconicascoleccion.com\/wp-content\/uploads\/2025\/09\/6-1-683x1024.jpg\" alt=\"Sandalias azules con fondo del mar\" class=\"uag-image-3365\" width=\"282\" height=\"420\" title=\"Sandalias fondo del mar\" loading=\"lazy\" role=\"img\"\/><\/figure><\/div>\n\n\n\n<div class=\"wp-block-uagb-image alignleft uagb-block-mdol28qx wp-block-uagb-image--layout-default wp-block-uagb-image--effect-zoomin wp-block-uagb-image--align-left\"><figure class=\"wp-block-uagb-image__figure\"><img decoding=\"async\" srcset=\"https:\/\/iconicascoleccion.com\/wp-content\/uploads\/2025\/09\/06092025-DSC01594-683x1024.jpg ,https:\/\/iconicascoleccion.com\/wp-content\/uploads\/2025\/09\/06092025-DSC01594-scaled.jpg 780w, https:\/\/iconicascoleccion.com\/wp-content\/uploads\/2025\/09\/06092025-DSC01594-scaled.jpg 360w\" sizes=\"auto, (max-width: 480px) 150px\" src=\"https:\/\/iconicascoleccion.com\/wp-content\/uploads\/2025\/09\/06092025-DSC01594-683x1024.jpg\" alt=\"06092025 dsc01594\" class=\"uag-image-3482\" width=\"282\" height=\"370\" title=\"06092025 dsc01594\" loading=\"lazy\" role=\"img\"\/><\/figure><\/div>\n\n\n\n<div class=\"wp-block-uagb-image alignleft uagb-block-2illifiv wp-block-uagb-image--layout-default wp-block-uagb-image--effect-zoomin wp-block-uagb-image--align-left\"><figure class=\"wp-block-uagb-image__figure\"><img decoding=\"async\" srcset=\"https:\/\/iconicascoleccion.com\/wp-content\/uploads\/2025\/09\/06092025-DSC01462-683x1024.jpg ,https:\/\/iconicascoleccion.com\/wp-content\/uploads\/2025\/09\/06092025-DSC01462-scaled.jpg 780w, https:\/\/iconicascoleccion.com\/wp-content\/uploads\/2025\/09\/06092025-DSC01462-scaled.jpg 360w\" sizes=\"auto, (max-width: 480px) 150px\" src=\"https:\/\/iconicascoleccion.com\/wp-content\/uploads\/2025\/09\/06092025-DSC01462-683x1024.jpg\" alt=\"06092025 dsc01462\" class=\"uag-image-3479\" width=\"282\" height=\"420\" title=\"06092025 dsc01462\" loading=\"lazy\" role=\"img\"\/><\/figure><\/div>\n<\/div>\n<\/div><\/div>\n\n\n\n<div class=\"wp-block-uagb-container uagb-block-kpvejqon alignfull uagb-is-root-container\"><div class=\"uagb-container-inner-blocks-wrap\">\n<div class=\"wp-block-uagb-container uagb-block-amoajqro\">\n<div class=\"wp-block-uagb-container uagb-block-wxarqzu6\">\n<div class=\"wp-block-uagb-info-box uagb-block-w96mclil uagb-infobox__content-wrap  uagb-infobox-icon-above-title uagb-infobox-image-valign-top\"><div class=\"uagb-ifb-content\"><div class=\"uagb-ifb-title-wrap\"><h2 class=\"uagb-ifb-title\">\u00bfC\u00f3mo funcionan?<\/h2><\/div><p class=\"uagb-ifb-desc\">Te ense\u00f1amos a cambiar tus leng\u00fcetas en 3 pasos.<\/p><\/div><\/div>\n<\/div>\n\n\n\n<div class=\"wp-block-uagb-container uagb-block-t0settj6\">\n<div class=\"wp-block-columns is-layout-flex wp-container-core-columns-is-layout-28f84493 wp-block-columns-is-layout-flex\">\n<div class=\"wp-block-column is-layout-flow wp-block-column-is-layout-flow\" style=\"flex-basis:100%\">\n<div class=\"wp-block-columns is-layout-flex wp-container-core-columns-is-layout-28f84493 wp-block-columns-is-layout-flex\">\n<div class=\"wp-block-column is-layout-flow wp-block-column-is-layout-flow\" style=\"flex-basis:100%\"><\/div>\n<\/div>\n<\/div>\n<\/div>\n<\/div>\n<\/div>\n\n\n\n<div class=\"wp-block-uagb-container uagb-block-z13mj5b7\">\n<div class=\"wp-block-uagb-container uagb-block-outo3m1o\">\n<div class=\"wp-block-uagb-image uagb-block-3cf3a507 wp-block-uagb-image--layout-default wp-block-uagb-image--effect-static wp-block-uagb-image--align-none\"><figure class=\"wp-block-uagb-image__figure\"><img decoding=\"async\" srcset=\"https:\/\/iconicascoleccion.com\/wp-content\/uploads\/2025\/10\/Pasos-1-1024x669.jpeg ,https:\/\/iconicascoleccion.com\/wp-content\/uploads\/2025\/10\/Pasos-1.jpeg 780w, https:\/\/iconicascoleccion.com\/wp-content\/uploads\/2025\/10\/Pasos-1.jpeg 360w\" sizes=\"auto, (max-width: 480px) 150px\" src=\"https:\/\/iconicascoleccion.com\/wp-content\/uploads\/2025\/10\/Pasos-1-1024x669.jpeg\" alt=\"pasos 1\" class=\"uag-image-4018\" width=\"1024\" height=\"200\" title=\"pasos 1\" loading=\"lazy\" role=\"img\"\/><\/figure><\/div>\n\n\n\n<div class=\"wp-block-uagb-info-box uagb-block-fi5qnac7 uagb-infobox__content-wrap  uagb-infobox-icon-below-title uagb-infobox-image-valign-top\"><div class=\"uagb-ifb-content\"><div class=\"uagb-ifb-title-wrap\"><h3 class=\"uagb-ifb-title\">Paso 1<\/h3><\/div><p class=\"uagb-ifb-desc\">Desabrocha las leng\u00fcetas de los 6 botones que tiene la base.<\/p><\/div><\/div>\n<\/div>\n\n\n\n<div class=\"wp-block-uagb-container uagb-block-fr2zukmy\">\n<div class=\"wp-block-uagb-image uagb-block-a4ede2f8 wp-block-uagb-image--layout-default wp-block-uagb-image--effect-static wp-block-uagb-image--align-none\"><figure class=\"wp-block-uagb-image__figure\"><img decoding=\"async\" srcset=\"https:\/\/iconicascoleccion.com\/wp-content\/uploads\/2025\/09\/06092025-DSC01448-scaled-e1759919465326-1024x535.jpg ,https:\/\/iconicascoleccion.com\/wp-content\/uploads\/2025\/09\/06092025-DSC01448-scaled-e1759919465326.jpg 780w, https:\/\/iconicascoleccion.com\/wp-content\/uploads\/2025\/09\/06092025-DSC01448-scaled-e1759919465326.jpg 360w\" sizes=\"auto, (max-width: 480px) 150px\" src=\"https:\/\/iconicascoleccion.com\/wp-content\/uploads\/2025\/09\/06092025-DSC01448-scaled-e1759919465326-1024x535.jpg\" alt=\"06092025 dsc01448\" class=\"uag-image-3505\" width=\"1024\" height=\"200\" title=\"06092025 dsc01448\" loading=\"lazy\" role=\"img\"\/><\/figure><\/div>\n\n\n\n<div class=\"wp-block-uagb-info-box uagb-block-k10jxiae uagb-infobox__content-wrap  uagb-infobox-icon-above-title uagb-infobox-image-valign-top\"><div class=\"uagb-ifb-content\"><div class=\"uagb-ifb-title-wrap\"><h3 class=\"uagb-ifb-title\">Paso 2<\/h3><\/div><p class=\"uagb-ifb-desc\">Elige la leng\u00fceta que mejor te venga para ese momento.<\/p><\/div><\/div>\n<\/div>\n\n\n\n<div class=\"wp-block-uagb-container uagb-block-ucrrungu\">\n<div class=\"wp-block-uagb-image uagb-block-8711d181 wp-block-uagb-image--layout-default wp-block-uagb-image--effect-static wp-block-uagb-image--align-none\"><figure class=\"wp-block-uagb-image__figure\"><img decoding=\"async\" srcset=\"https:\/\/iconicascoleccion.com\/wp-content\/uploads\/2025\/10\/Pasos-2-1024x458.jpeg ,https:\/\/iconicascoleccion.com\/wp-content\/uploads\/2025\/10\/Pasos-2.jpeg 780w, https:\/\/iconicascoleccion.com\/wp-content\/uploads\/2025\/10\/Pasos-2.jpeg 360w\" sizes=\"auto, (max-width: 480px) 150px\" src=\"https:\/\/iconicascoleccion.com\/wp-content\/uploads\/2025\/10\/Pasos-2-1024x458.jpeg\" alt=\"pasos 2\" class=\"uag-image-4020\" width=\"1024\" height=\"200\" title=\"pasos 2\" loading=\"lazy\" role=\"img\"\/><\/figure><\/div>\n\n\n\n<div class=\"wp-block-uagb-info-box uagb-block-sruejcjb uagb-infobox__content-wrap  uagb-infobox-icon-above-title uagb-infobox-image-valign-top\"><div class=\"uagb-ifb-content\"><div class=\"uagb-ifb-title-wrap\"><h3 class=\"uagb-ifb-title\">Paso 3<\/h3><\/div><p class=\"uagb-ifb-desc\">Abrocha cada ojo de la leng\u00fceta en su bot\u00f3n. <br>Recuerda que los extremos m\u00e1s cortos van delante.<\/p><\/div><\/div>\n<\/div>\n<\/div>\n\n\n\n<div class=\"wp-block-uagb-info-box uagb-block-332c2add uagb-infobox__content-wrap  uagb-infobox-icon-above-title uagb-infobox-image-valign-top\"><div class=\"uagb-ifb-content\"><div class=\"uagb-ifb-title-wrap\"><\/div><div class=\"uagb-ifb-button-wrapper wp-block-button\"><a href=\"#\" class=\"uagb-infobox-cta-link wp-block-button__link\" target=\"_self\" rel=\"noopener noreferrer\" onclick=\"return false;\"><span class=\"uagb-inline-editing\">Tienda<\/span><\/a><\/div><\/div><\/div>\n<\/div><\/div>\n\n\n\n<div class=\"wp-block-uagb-container uagb-block-6odvkb3j alignfull uagb-is-root-container\"><div class=\"uagb-container-inner-blocks-wrap\">\n<div data-aos= \"fade\" data-aos-duration=\"400\" data-aos-delay=\"0\" data-aos-easing=\"ease\" data-aos-once=\"true\" class=\"wp-block-uagb-info-box uagb-block-baqgfihv uagb-infobox__content-wrap  uagb-infobox-icon-above-title uagb-infobox-image-valign-top\"><div class=\"uagb-ifb-content\"><div class=\"uagb-ifb-title-wrap\"><p class=\"uagb-ifb-title-prefix\">Material<\/p><h2 class=\"uagb-ifb-title\">Piel 100% de Ubrique y sostenible<\/h2><\/div><p class=\"uagb-ifb-desc\">Utilizamos materiales sostenibles de m\u00e1xima calidad y nuestras leng\u00fcetas son 100% de piel  de Ubrique.<br>Se adapta perfectamente a tu pie, contribuyendo a una excelente comodidad y descanso.<\/p><\/div><\/div>\n<\/div><\/div>\n\n\n\n<div class=\"wp-block-uagb-container uagb-block-foezhmhz alignfull uagb-is-root-container\"><div class=\"uagb-container-inner-blocks-wrap\">\n<div class=\"wp-block-uagb-container uagb-block-zaminwel\">\n<div class=\"wp-block-uagb-image alignleft uagb-block-68k1rqop wp-block-uagb-image--layout-default wp-block-uagb-image--effect-static wp-block-uagb-image--align-left\"><figure class=\"wp-block-uagb-image__figure\"><img decoding=\"async\" srcset=\"https:\/\/iconicascoleccion.com\/wp-content\/uploads\/2025\/09\/DSC1397-1024x683.jpg ,https:\/\/iconicascoleccion.com\/wp-content\/uploads\/2025\/09\/DSC1397-scaled.jpg 780w, https:\/\/iconicascoleccion.com\/wp-content\/uploads\/2025\/09\/DSC1397-scaled.jpg 360w\" sizes=\"auto, (max-width: 480px) 150px\" src=\"https:\/\/iconicascoleccion.com\/wp-content\/uploads\/2025\/09\/DSC1397-1024x683.jpg\" alt=\" dsc1397\" class=\"uag-image-3917\" width=\"564\" height=\"450\" title=\"dsc1397\" loading=\"lazy\" role=\"img\"\/><\/figure><\/div>\n<\/div>\n\n\n\n<div class=\"wp-block-uagb-info-box uagb-block-prj8o1zg uagb-infobox__content-wrap  uagb-infobox-icon-above-title uagb-infobox-image-valign-top\"><div class=\"uagb-ifb-content\"><div class=\"uagb-ifb-title-wrap\"><h3 class=\"uagb-ifb-title\">Las bases.<\/h3><\/div><p class=\"uagb-ifb-desc\">Nuestras sandalias est\u00e1n hechas de poliuretano, un material muy resistente, c\u00f3modo y sostenible.<br>Superconfortables, no se deforman, son elegantes, tenaces y vers\u00e1tiles.<br>Construidas en dos modelos de tac\u00f3n con plataforma, una de tac\u00f3n alto y otras de tac\u00f3n m\u00e1s bajo.<\/p><\/div><\/div>\n<\/div><\/div>\n\n\n\n<div class=\"wp-block-uagb-container uagb-block-ioobk7fu alignfull uagb-is-root-container\"><div class=\"uagb-container-inner-blocks-wrap\">\n<div class=\"wp-block-uagb-info-box uagb-block-zx9r6ucz uagb-infobox__content-wrap  uagb-infobox-icon-above-title uagb-infobox-image-valign-top\"><div class=\"uagb-ifb-content\"><div class=\"uagb-ifb-title-wrap\"><p class=\"uagb-ifb-title-prefix\">Nuestros clientes hablan por nosotros<\/p><h2 class=\"uagb-ifb-title\">Testimonios<\/h2><\/div><p class=\"uagb-ifb-desc\">.<\/p><\/div><\/div>\n\n\n\n<div class=\"wp-block-uagb-container uagb-block-k8ef9t9b\">\n<div class=\"wp-block-uagb-container uagb-block-lajd2zam\">\n<div class=\"wp-block-uagb-star-rating uagb-block-m8grjrmv\"><div class=\"uag-star-rating\" title=\"5\/5\"><span class=\"uag-star\">\u2605<\/span><span class=\"uag-star\">\u2605<\/span><span class=\"uag-star\">\u2605<\/span><span class=\"uag-star\">\u2605<\/span><span class=\"uag-star\">\u2605<\/span><\/div><\/div>\n\n\n\n<div class=\"wp-block-uagb-info-box uagb-block-1xssbb6c uagb-infobox__content-wrap  uagb-infobox-icon-above-title uagb-infobox-image-valign-top\"><div class=\"uagb-ifb-content\"><div class=\"uagb-ifb-title-wrap\"><\/div><p class=\"uagb-ifb-desc\">Las bases son geniales, tengo unas de hace bastante tiempo y siguen como nuevas.<\/p><\/div><\/div>\n\n\n\n<div class=\"wp-block-uagb-info-box uagb-block-ohizlo0w uagb-infobox__content-wrap  uagb-infobox-icon-above-title uagb-infobox-image-valign-top\"><div class=\"uagb-ifb-content\"><div class=\"uagb-ifb-image-content\"><img decoding=\"async\" src=\"https:\/\/iconicascoleccion.com\/wp-content\/uploads\/2025\/09\/perfil-2-150x150.jpg\" alt=\"perfil 2\" width=\"60\" height=\"60\" loading=\"lazy\" title=\"Nuestras sandalias\"><\/div><div class=\"uagb-ifb-title-wrap\"><p class=\"uagb-ifb-title\">Mar\u00eda L\u00f3pez Gonz\u00e1lez<\/p><\/div><\/div><\/div>\n<\/div>\n\n\n\n<div class=\"wp-block-uagb-container uagb-block-chwbfvq6\">\n<div class=\"wp-block-uagb-star-rating uagb-block-a9ex0qcq\"><div class=\"uag-star-rating\" title=\"5\/5\"><span class=\"uag-star\">\u2605<\/span><span class=\"uag-star\">\u2605<\/span><span class=\"uag-star\">\u2605<\/span><span class=\"uag-star\">\u2605<\/span><span class=\"uag-star\">\u2605<\/span><\/div><\/div>\n\n\n\n<div class=\"wp-block-uagb-info-box uagb-block-hixg5hpm uagb-infobox__content-wrap  uagb-infobox-icon-above-title uagb-infobox-image-valign-top\"><div class=\"uagb-ifb-content\"><div class=\"uagb-ifb-title-wrap\"><\/div><p class=\"uagb-ifb-desc\">Me encantan estas sandalias.<br>Hago muchos viajes por trabajo y gracias a ellas me ahorro mucho sitio en la maleta, solo llevo mi par de bases y 4 o 5 pares de leng\u00fcetas.<\/p><\/div><\/div>\n\n\n\n<div class=\"wp-block-uagb-info-box uagb-block-jbhoiwso uagb-infobox__content-wrap  uagb-infobox-icon-above-title uagb-infobox-image-valign-top\"><div class=\"uagb-ifb-content\"><div class=\"uagb-ifb-image-content\"><img decoding=\"async\" src=\"https:\/\/websitedemos.net\/wp-content\/uploads\/2023\/10\/testimonial-skip-08.jpg\" alt=\"Testimonial Skip 08\" width=\"60\" height=\"60\" loading=\"lazy\" title=\"Nuestras sandalias\"><\/div><div class=\"uagb-ifb-title-wrap\"><p class=\"uagb-ifb-title\">\u00c1ngela Martos Hidalgo<\/p><\/div><\/div><\/div>\n<\/div>\n\n\n\n<div class=\"wp-block-uagb-container uagb-block-hwu4gfde\">\n<div class=\"wp-block-uagb-star-rating uagb-block-cu2g0tgv\"><div class=\"uag-star-rating\" title=\"5\/5\"><span class=\"uag-star\">\u2605<\/span><span class=\"uag-star\">\u2605<\/span><span class=\"uag-star\">\u2605<\/span><span class=\"uag-star\">\u2605<\/span><span class=\"uag-star\">\u2605<\/span><\/div><\/div>\n\n\n\n<div class=\"wp-block-uagb-info-box uagb-block-eayrvqfk uagb-infobox__content-wrap  uagb-infobox-icon-above-title uagb-infobox-image-valign-top\"><div class=\"uagb-ifb-content\"><div class=\"uagb-ifb-title-wrap\"><\/div><p class=\"uagb-ifb-desc\">Son super c\u00f3modas y las leng\u00fcetas son muy f\u00e1ciles de cambiar.<br>Las recomiendo.<\/p><\/div><\/div>\n\n\n\n<div class=\"wp-block-uagb-info-box uagb-block-0u9f4kkh uagb-infobox__content-wrap  uagb-infobox-icon-above-title uagb-infobox-image-valign-top\"><div class=\"uagb-ifb-content\"><div class=\"uagb-ifb-image-content\"><img decoding=\"async\" src=\"https:\/\/iconicascoleccion.com\/wp-content\/uploads\/2025\/09\/perfil1-150x150.jpg\" alt=\"perfil1\" width=\"60\" height=\"60\" loading=\"lazy\" title=\"Nuestras sandalias\"><\/div><div class=\"uagb-ifb-title-wrap\"><p class=\"uagb-ifb-title\">Carla Mart\u00ednez Castillo<\/p><\/div><\/div><\/div>\n<\/div>\n<\/div>\n<\/div><\/div>\n","protected":false},"excerpt":{"rendered":"","protected":false},"author":1,"featured_media":0,"parent":0,"menu_order":0,"comment_status":"closed","ping_status":"closed","template":"","meta":{"_uag_custom_page_level_css":"","_monsterinsights_skip_tracking":false,"_monsterinsights_sitenote_active":false,"_monsterinsights_sitenote_note":"","_monsterinsights_sitenote_category":0,"site-sidebar-layout":"default","site-content-layout":"","ast-site-content-layout":"default","site-content-style":"default","site-sidebar-style":"default","ast-global-header-display":"","ast-banner-title-visibility":"","ast-main-header-display":"","ast-hfb-above-header-display":"","ast-hfb-below-header-display":"","ast-hfb-mobile-header-display":"","site-post-title":"","ast-breadcrumbs-content":"","ast-featured-img":"","footer-sml-layout":"","theme-transparent-header-meta":"","adv-header-id-meta":"","stick-header-meta":"","header-above-stick-meta":"","header-main-stick-meta":"","header-below-stick-meta":"","astra-migrate-meta-layouts":"set","ast-page-background-enabled":"default","ast-page-background-meta":{"desktop":{"background-color":"var(--ast-global-color-4)","background-image":"","background-repeat":"repeat","background-position":"center center","background-size":"auto","background-attachment":"scroll","background-type":"","background-media":"","overlay-type":"","overlay-color":"","overlay-opacity":"","overlay-gradient":""},"tablet":{"background-color":"","background-image":"","background-repeat":"repeat","background-position":"center center","background-size":"auto","background-attachment":"scroll","background-type":"","background-media":"","overlay-type":"","overlay-color":"","overlay-opacity":"","overlay-gradient":""},"mobile":{"background-color":"","background-image":"","background-repeat":"repeat","background-position":"center center","background-size":"auto","background-attachment":"scroll","background-type":"","background-media":"","overlay-type":"","overlay-color":"","overlay-opacity":"","overlay-gradient":""}},"ast-content-background-meta":{"desktop":{"background-color":"var(--ast-global-color-5)","background-image":"","background-repeat":"repeat","background-position":"center center","background-size":"auto","background-attachment":"scroll","background-type":"","background-media":"","overlay-type":"","overlay-color":"","overlay-opacity":"","overlay-gradient":""},"tablet":{"background-color":"var(--ast-global-color-5)","background-image":"","background-repeat":"repeat","background-position":"center center","background-size":"auto","background-attachment":"scroll","background-type":"","background-media":"","overlay-type":"","overlay-color":"","overlay-opacity":"","overlay-gradient":""},"mobile":{"background-color":"var(--ast-global-color-5)","background-image":"","background-repeat":"repeat","background-position":"center center","background-size":"auto","background-attachment":"scroll","background-type":"","background-media":"","overlay-type":"","overlay-color":"","overlay-opacity":"","overlay-gradient":""}},"footnotes":""},"class_list":["post-3916","page","type-page","status-publish","hentry"],"uagb_featured_image_src":{"full":false,"thumbnail":false,"medium":false,"medium_large":false,"large":false,"1536x1536":false,"2048x2048":false,"woocommerce_thumbnail":false,"woocommerce_single":false,"woocommerce_gallery_thumbnail":false},"uagb_author_info":{"display_name":"joseignaciolopezh@gmail.com","author_link":"https:\/\/iconicascoleccion.com\/?author=1"},"uagb_comment_info":0,"uagb_excerpt":null,"_links":{"self":[{"href":"https:\/\/iconicascoleccion.com\/index.php?rest_route=\/wp\/v2\/pages\/3916","targetHints":{"allow":["GET"]}}],"collection":[{"href":"https:\/\/iconicascoleccion.com\/index.php?rest_route=\/wp\/v2\/pages"}],"about":[{"href":"https:\/\/iconicascoleccion.com\/index.php?rest_route=\/wp\/v2\/types\/page"}],"author":[{"embeddable":true,"href":"https:\/\/iconicascoleccion.com\/index.php?rest_route=\/wp\/v2\/users\/1"}],"replies":[{"embeddable":true,"href":"https:\/\/iconicascoleccion.com\/index.php?rest_route=%2Fwp%2Fv2%2Fcomments&post=3916"}],"version-history":[{"count":7,"href":"https:\/\/iconicascoleccion.com\/index.php?rest_route=\/wp\/v2\/pages\/3916\/revisions"}],"predecessor-version":[{"id":4023,"href":"https:\/\/iconicascoleccion.com\/index.php?rest_route=\/wp\/v2\/pages\/3916\/revisions\/4023"}],"wp:attachment":[{"href":"https:\/\/iconicascoleccion.com\/index.php?rest_route=%2Fwp%2Fv2%2Fmedia&parent=3916"}],"curies":[{"name":"wp","href":"https:\/\/api.w.org\/{rel}","templated":true}]}}